{"id":12233,"date":"2024-02-16T15:50:20","date_gmt":"2024-02-16T15:50:20","guid":{"rendered":"https:\/\/officeplan.pt\/pt\/?post_type=product&#038;p=12233"},"modified":"2024-02-16T16:12:47","modified_gmt":"2024-02-16T16:12:47","slug":"bancada-de-trabalho","status":"publish","type":"product","link":"https:\/\/officeplan.pt\/pt\/produto\/bancada-de-trabalho\/","title":{"rendered":"Bancada De Trabalho"},"content":{"rendered":"<div id=\"product-description-short-109\" class=\"prodes\">\n<p>Bancada de trabalho multiusos para oficinas, embalamento, montagem, triagem, prepara\u00e7\u00e3o de encomendas, etc.<\/p>\n<\/div>\n<div class=\"product-actions\">\n<form id=\"add-to-cart-or-refresh\" action=\"https:\/\/evoracks.pt\/index.php?controller=cart\" method=\"post\">\n<div class=\"product-variants\">\n<div class=\"clearfix product-variants-item\">\n<p>Altura adaptada \u00e0 sua posi\u00e7\u00e3o de trabalho.<\/p>\n<p>Estrutura muito robusta em a\u00e7o.<\/p>\n<p>Revestimento ep\u00f3xido azul RAL 5005 e cinzento RAL 7035.<\/p>\n<p>Placa de cobertura em melamina branca de 19 mm.<\/p>\n<p>Fornecida com p\u00e9s met\u00e1licos.<\/p>\n<p>Capacidade de carga. At\u00e9 280 kg.<\/p>\n<p>Montagem muito f\u00e1cil.<\/p>\n<\/div>\n<\/div>\n<\/form>\n<\/div>\n","protected":false},"excerpt":{"rendered":"<p>Bancada de trabalho multiusos para oficinas, embalamento, montagem, triagem, prepara\u00e7\u00e3o de encomendas, etc. Altura adaptada \u00e0 sua posi\u00e7\u00e3o de trabalho.<\/p>\n","protected":false},"featured_media":12234,"template":"","meta":[],"product_brand":[],"product_cat":[94],"product_tag":[837],"class_list":{"0":"post-12233","1":"product","2":"type-product","3":"status-publish","4":"has-post-thumbnail","6":"product_cat-diversos-diversos-mobiliario","7":"product_tag-mesa-de-trabalho","9":"first","10":"instock","11":"taxable","12":"shipping-taxable","13":"purchasable","14":"product-type-simple"},"aioseo_notices":[],"jetpack_sharing_enabled":true,"_links":{"self":[{"href":"https:\/\/officeplan.pt\/pt\/wp-json\/wp\/v2\/product\/12233","targetHints":{"allow":["GET"]}}],"collection":[{"href":"https:\/\/officeplan.pt\/pt\/wp-json\/wp\/v2\/product"}],"about":[{"href":"https:\/\/officeplan.pt\/pt\/wp-json\/wp\/v2\/types\/product"}],"version-history":[{"count":1,"href":"https:\/\/officeplan.pt\/pt\/wp-json\/wp\/v2\/product\/12233\/revisions"}],"predecessor-version":[{"id":12235,"href":"https:\/\/officeplan.pt\/pt\/wp-json\/wp\/v2\/product\/12233\/revisions\/12235"}],"wp:featuredmedia":[{"embeddable":true,"href":"https:\/\/officeplan.pt\/pt\/wp-json\/wp\/v2\/media\/12234"}],"wp:attachment":[{"href":"https:\/\/officeplan.pt\/pt\/wp-json\/wp\/v2\/media?parent=12233"}],"wp:term":[{"taxonomy":"product_brand","embeddable":true,"href":"https:\/\/officeplan.pt\/pt\/wp-json\/wp\/v2\/product_brand?post=12233"},{"taxonomy":"product_cat","embeddable":true,"href":"https:\/\/officeplan.pt\/pt\/wp-json\/wp\/v2\/product_cat?post=12233"},{"taxonomy":"product_tag","embeddable":true,"href":"https:\/\/officeplan.pt\/pt\/wp-json\/wp\/v2\/product_tag?post=12233"}],"curies":[{"name":"wp","href":"https:\/\/api.w.org\/{rel}","templated":true}]}}

<div id="product-description-short-109" class="prodes">
<p>Bancada de trabalho multiusos para oficinas, embalamento, montagem, triagem, preparação de encomendas, etc.</p>
</div>
<div class="product-actions">
<form id="add-to-cart-or-refresh" action="https://evoracks.pt/index.php?controller=cart" method="post">
<div class="product-variants">
<div class="clearfix product-variants-item">
<p>Altura adaptada à sua posição de trabalho.</p>
<p>Estrutura muito robusta em aço.</p>
<p>Revestimento epóxido azul RAL 5005 e cinzento RAL 7035.</p>
<p>Placa de cobertura em melamina branca de 19 mm.</p>
<p>Fornecida com pés metálicos.</p>
<p>Capacidade de carga. Até 280 kg.</p>
<p>Montagem muito fácil.</p>
</div>
</div>
</form>
</div>

<p>Bancada de trabalho multiusos para oficinas, embalamento, montagem, triagem, preparação de encomendas, etc. Altura adaptada à sua posição de trabalho.</p>
